multiple of 23?
True
Does 2426 divide 6583001178?
False
Is 71 a factor of 1234268693?
False
Is 96 a factor of 3350976?
True
Does 3633 divide 1257339041?
False
Is 31 a factor of 172697559?
True
Is 4157 a factor of 57661747?
True
Is 633 a factor of 10964953?
False
Is 2316237850 a multiple of 13?
False
Is 209304000 a multiple of 5?
True
Is 7 a factor of 172530393?
True
Is 8171072 a multiple of 427?
True
Does 327 divide 103288509?
True
Is 1196227131 a multiple of 22?
False
Is 733230882 a multiple of 18?
True
Does 13 divide 357565039?
True
Is 28018503 a multiple of 1167?
True
Is 721483926 a multiple of 204?
False
Is 2544444 a multiple of 28?
True
Is 237 a factor of 11238540?
True
Does 36 divide 260834868?
True
Is 3222317029 a multiple of 278?
False
Is 2343111843 a multiple of 3041?
False
Is 305981088 a multiple of 98?
True
Does 614 divide 36072749?
False
Is 1406 a factor of 7658482?
True
Is 60 a factor of 90505980?
True
Is 58798531 a multiple of 1907?
True
Is 2926825608 a multiple of 1333?
False
Is 134 a factor of 14072814?
True
Is 611 a factor of 166612979?
True
Is 1331 a factor of 18056346?
True
Is 105 a factor of 331891038?
False
Does 36 divide 210247704?
True
Does 91 divide 39142831?
True
Is 12329669 a multiple of 52?
False
Does 45 divide 13198970?
False
Is 609924000 a multiple of 1325?
True
Does 82 divide 17348494?
True
Is 63499316 a multiple of 4?
True
Is 12406124 a multiple of 94?
False
Does 22 divide 799744?
True
Is 30872525 a multiple of 593?
False
Is 3290746 a multiple of 58?
True
Is 662 a factor of 265956015?
False
Is 102278241 a multiple of 27?
True
Does 7 divide 67610378?
False
Is 86 a factor of 1734483108?
False
Is 2 a factor of 172824905?
False
Is 19 a factor of 3935951272?
False
Is 944 a factor of 2077744?
True
Does 744 divide 852411?
False
Is 17470 a factor of 633759190?
True
Is 1093 a factor of 56648004?
True
Is 2048688 a multiple of 123?
True
Does 1020 divide 677405178?
False
Is 124795059 a multiple of 3?
True
Does 133 divide 15041873?
False
Is 58989779 a multiple of 595?
False
Is 13 a factor of 63975743?
True
Is 23 a factor of 1232586923?
False
Does 3 divide 8262985?
False
Is 25 a factor of 17782475?
True
Is 650 a factor of 17172609?
False
Does 761 divide 48053345?
True
Does 8 divide 1532639088?
True
Is 511 a factor of 510239632?
True
Is 14074387 a multiple of 5?
False
Does 95 divide 1031863825?
False
Is 137 a factor of 16435068?
True
Does 270 divide 4078809810?
True
Does 78 divide 59600892?
True
Is 1178 a factor of 21631614?
True
Is 2735448998 a multiple of 89?
True
Does 36 divide 375814004?
False
Is 555719225 a multiple of 261?
False
Does 1830 divide 64623676?
False
Does 55 divide 5999290?
True
Is 242306495 a multiple of 2721?
False
Does 1172 divide 394284240?
True
Does 107 divide 138498579?
False
Is 21 a factor of 235198026?
True
Does 1270 divide 149822694?
False
Is 16850736 a multiple of 687?
True
Does 36 divide 1986905880?
True
Is 144 a factor of 10019952?
True
Is 781373886 a multiple of 4542?
True
Is 30954682 a multiple of 67?
False
Does 312 divide 42875040?
True
Is 1434056274 a multiple of 63?
True
Is 1341664893 a multiple of 9?
True
Does 1312 divide 153860864?
True
Is 360860650 a multiple of 50?
True
Is 114136955 a multiple of 287?
False
Is 2179 a factor of 109852106?
True
Is 20815634 a multiple of 1122?
False
Is 400 a factor of 1441299696?
False
Does 284 divide 25878407?
False
Is 11688016 a multiple of 1072?
True
Does 46 divide 262475218?
True
Is 321 a factor of 1624043325?
True
Is 4471206400 a multiple of 32?
True
Is 38216343 a multiple of 3?
True
Is 2120 a factor of 801152240?
True
Is 1894860 a multiple of 9?
True
Does 3529 divide 71815778?
False
Is 88 a factor of 75958080?
True
Is 28939016 a multiple of 2?
True
Is 95273300 a multiple of 202?
True
Does 702 divide 35208108?
True
Is 7188272 a multiple of 28?
True
Does 25 divide 103790300?
True
Is 618317584 a multiple of 29?
True
Is 843 a factor of 2346507360?
True
Is 2988 a factor of 615707280?
True
Is 961803352 a multiple of 8?
True
Is 115 a factor of 113573594?
False
Is 11 a factor of 33792819?
False
Is 23897196 a multiple of 36?
True
Is 8 a factor of 207012921?
False
Is 524751836 a multiple of 3166?
True
Does 2 divide 473382231?
False
Does 13 divide 1456224328?
True
Is 101 a factor of 2919200?
False
Does 63 divide 29437947?
True
Does 167 divide 3905988217?
True
Is 1625535 a multiple of 45?
True
Does 2 divide 289786402?
True
Does 639 divide 20650563?
True
Is 1458178700 a multiple of 11?
True
Is 1369 a factor of 24491410?
True
Is 16 a factor of 8053247?
False
Is 30545202 a multiple of 1338?
True
Does 18 divide 115237403?
False
Is 62 a factor of 130812520?
False
Is 89049678 a multiple of 15?
False
Is 722 a factor of 105464114?
False
Is 718677554 a multiple of 1057?
True
Is 14 a factor of 692754356?
True
Does 31 divide 3538991668?
False
Is 875 a factor of 2952971?
False
Is 169515614 a multiple of 174?
False
Is 233845137 a multiple of 27?
True
Is 977 a factor of 1589904341?
True
Is 1639099003 a multiple of 153?
False
Is 403 a factor of 15229773?
True
Is 4152850 a multiple of 9?
False
Does 13 divide 121423804?
False
Is 61908420 a multiple of 11?
False
Is 297787162 a multiple of 2180?
False
Is 28 a factor of 205374428?
True
Does 257 divide 83136673?
True
Does 73 divide 7174221?
True
Is 50174034 a multiple of 14?
False
Does 12184 divide 2315057472?
True
Does 1481 divide 32924111?
True
Is 790223044 a multiple of 13?
True
Is 35525370 a multiple of 30?
True
Is 40 a factor of 108794957?
False
Is 54832283 a multiple of 169?
False
Is 865673131 a multiple of 686?
False
Is 5787685 a multiple of 49?
False
Does 79 divide 1168847813?
False
Is 216 a factor of 15458256?
True
Does 22 divide 16241852?
True
Is 2956 a factor of 140894784?
True
Is 92717283 a multiple of 21?
False
Is 34327584 a multiple of 2412?
True
Is 9908301 a multiple of 7?
False
Is 15649929 a multiple of 3?
True
Is 38456450 a multiple of 44?
False
Does 564 divide 905307956?
False
Is 26323607 a multiple of 167?
False
Does 5 divide 948800583?
False
Does 234 divide 154053900?
True
Is 54612095 a multiple of 42?
False
Is 207 a factor of 406611957?
False
Is 14 a factor of 1195292564?
False
Is 8280436 a multiple of 892?
True
Is 87693308 a multiple of 287?
False
Does 1885 divide 85719989?
False
Is 22918352 a multiple of 116?
True
Is 2521033 a multiple of 47?
True
Is 697 a factor of 270571915?
True
Is 127542209 a multiple of 1352?
False
Does 1003 divide 5428405?
False
Is 618822975 a multiple of 1635?
True
Is 176327920 a multiple of 2680?
True
Does 2021 divide 61756304?
False
Is 10 a factor of 114072410?
True
Is 900619365 a multiple of 8659?
False
Is 9 a factor of 200925982?
False
Is 8 a factor of 13331704?
True
Does 19 divide 55670456?
True
Is 6 a factor of 41941449?
False
Does 29 divide 264721153?
False
Is 281 a factor of 371499984?
True
Is 1617058360 a multiple of 296?
True
Is 249 a factor of 1701402426?
False
Does 65 divide 26576513?
False
Is 23841130 a multiple of 13?
False
Is 51351166 a multiple of 87?
False
Is 44280446 a multiple of 9?
False
Is 58 a factor of 1790696176?
True
Does 68 divide 42828576?
True
Is 1538048000 a multiple of 3004?
True
Is 261 a factor of 42123312?
True
Is 23310196 a multiple of 52?
True
Is 404827783 a multiple of 153?
False
Is 81 a factor of 973677934?
False
Is 1563 a factor of 43425404?
False
Does 44 divide 8643125?
False
Does 17 divide 3380551?
False
Does 11 divide 34724525?
True
Is 10633 a factor of 2686569262?
False
Does 126 divide 4644820378?
False
Is 166483848 a multiple of 1026?
False
Does 645 divide 78825450?
True
Does 2731 divide 1054222377?
False
Is 7 a factor of 32410161?
True
Is 273 a factor of 117460778?
False
Is 5398 a factor of 1552394626?
True
Is 14989249 a multiple of 10?
False
Is 170 a factor of 20921687?
False
Is 4978 a factor of 46305356?
True
Is 1188 a factor of 1541550998?
False
Is 11 a factor of 14611465?
True
Is 15 a factor of 1448159415?
True
Does 9 divide 123425847?
True
Does 4164 divide 1466048628?
True
Does 41 divide 158607423?
False
Is 20 a factor of 97433631?
False
Does 668 divide 36836860?
True
Does 28 divide 23327848?
False
Does 20 divide 50490116?
False
Is 103 a factor of 615842253?
True
Is 316447990 a multiple of 11?
False
Is 12942719 a multiple of 5?
False
Is 1